pose -2328 = -20*u + 2332. What is the remainder when u is divided by 18?
17
What is the remainder when 157 is divided by (-2624)/(-112) + (-4)/(84/9)?
19
Let v(u) = 27 + 0*u**2 - u**3 - 12 + 8*u**2. Calculate the remainder when 44 + (-3)/((-6)/(-4)) is divided by v(8).
12
Suppose 3*q = -x - 10, -3*x + 5*q - 17 + 1 = 0. Let v(t) = -t - t + 2 + 7. Calculate the remainder when v(x) is divided by 8.
7
Let i = 4 - -10. Let d = 112 - 0. Suppose 4*g = 5*r + 103, 2*r - d = -4*g - 2*r. Calculate the remainder when g is divided by i.
13
Suppose -3527 = -4*f - 1199. Calculate the remainder when f is divided by 15.
12
Let a(i) = 110*i**3 - i. What is the remainder when a(1) is divided by (2 + 8/(-5))/((-82)/(-2050))?
9
Suppose 0*x = x - 46. Suppose 4*z - x = 2. Suppose 15*h - 13*h - 44 = 0. What is the remainder when h is divided by z?
10
Let y(l) = -5*l**3 - 6*l**2 + 12*l + 12. Let n be y(-4). Let w = -165 + n. Let u = 12 - 6. Calculate the remainder when w is divided by u.
5
Let z(s) = s**3 - 15*s**2 + 59*s + 5. What is the remainder when 93 is divided by z(8)?
6
Suppose -4*p - 4*d = -64, p + 2*p - 38 = -d. Let s = p + 1. Calculate the remainder when 19 is divided by s.
7
Let h = -20 - -77. Calculate the remainder when h is divided by 31.
26
Suppose 3*t = -5*d - 593, 5*t + 5*d + 291 + 684 = 0. Let s = 316 + t. What is the remainder when s is divided by 16?
13
Let u(z) = -4*z**2 + 4*z**2 - 7 - 15*z - 5*z + z**2. Calculate the remainder when u(21) is divided by 4.
2
Let s = 514 - 394. Calculate the remainder when s is divided by 41.
38
Let p be (-6)/27 - 58/(-18). Suppose 0 = -5*q - p*l + 520, 0*q + 4*l - 424 = -4*q. Suppose 5*g + q = 586. What is the remainder when g is divided by 33?
31
Suppose 53 - 18 = 5*l. Let u = 833 + -800. Calculate the remainder when u is divided by l.
5
Let w = -595 + 627. Calculate the remainder when w is divided by 20.
12
Suppose 527 = 7*k - 663. What is the remainder when k is divided by 20?
10
Suppose -111 - 133 = -4*b. What is the remainder when b is divided by 18?
7
Let f(w) = -w**3 + 17*w**2 + 21*w - 28. What is the remainder when 181 is divided by f(18)?
25
What is the remainder when 106 is divided by ((-7)/3 + 1)/(104/(-468))?
4
Suppose 0 = 6*q - 2*q + 8, -400 = -3*c + 2*q. What is the remainder when c is divided by 1/1*(2 + 32)?
30
Let n(v) be the first derivative of 3*v**2/2 - 12*v - 4. What is the remainder when n(13) is divided by (-208)/(-36) - 2/(-9)?
3
Let x(l) = -l**2 + 6*l + 13. Let m(z) = 52*z**2 + 2*z. What is the remainder when m(-1) is divided by x(6)?
11
Suppose h - 2*h + 39 = 0. Suppose -q - 3*m = q - h, -4*q + 71 = -m. Calculate the remainder when 70 is divided by q.
16
Let g(w) = -10*w**3 - 5*w**2 - 2*w + 4. What is the remainder when g(-3) is divided by 17?
14
Suppose 0 = -3*q - 2*f - 37 + 209, 2*q - 2*f - 118 = 0. Calculate the remainder when 102 is divided by q.
44
Suppose -4*k - 440 = -4*r, -2*k + 100 = 4*r - 310. Calculate the remainder when r is divided by 22.
17
Let t(i) = -29*i - 14. Let h(r) = -10*r - 5. Let a(u) = -17*h(u) + 6*t(u). Let p be (-85)/34 - (-3)/(-2). Calculate the remainder when a(p) is divided by 6.
5
Let v(y) = 2*y**2 + 9*y + 3. Let g(b) = -3*b + 6. Let x be g(4). What is the remainder when 103 is divided by v(x)?
19
Suppose s - 50 = -z, -s + 131 = 2*z + 31. Calculate the remainder when z is divided by 23.
4
Let g be (11/77 - 2426/28)*-2. Suppose g = 3*t + o, t - 289 = -4*t - 2*o. What is the remainder when t is divided by 12?
9
Let b = -287 + 354. What is the remainder when 210 is divided by b?
9
Let o = -314 + 329. What is the remainder when 23 is divided by o?
8
Suppose 9*f + 34 = -92. What is the remainder when 25 is divided by (-4)/(-14) - (178/f - -3)?
5
Let k(s) = 11*s + 21. Let z be k(-4). Let h = 66 + z. What is the remainder when h is divided by 24?
19
Suppose 0 = 4*s + 2*f - 282, 4*f = -86*s + 81*s + 357. What is the remainder when 287 is divided by s?
11
Calculate the remainder when 1044/14 - (-14 + (-190)/(-14)) is divided by 30.
15
Let n(l) = l**2 + 20*l + 111. Calculate the remainder when 117 is divided by n(-7).
17
Suppose 0 = -3*k, 3*k = -3*f - 0*k + 60. Calculate the remainder when 32 is divided by f.
12
Let g(z) = z + 30. Let f be g(-28). Suppose -t + 2 = 0, f*b = b - 4*t + 23. What is the remainder when 27 is divided by b?
12
Let s(o) = -3*o + 3. Let h be s(3). Let l(u) = 2*u**2 + 9*u + 17. Calculate the remainder when l(h) is divided by 18.
17
Let b(q) = -q**3 - 4*q**2 + 7*q - 5. Let j(v) = v**2 - 15*v - 6. Let d be j(15). Calculate the remainder when 99 is divided by b(d).
24
Let q(d) = 2*d**2 - 83*d + 154. What is the remainder when q(40) is divided by 20?
14
Let a = -51 + 73. Suppose -s - 5*z = 23, 2 + 3 = -z. Suppose -s*n - 14 = -v - 0*n, -4*v + 2*n = -38. Calculate the remainder when a is divided by v.
6
Suppose -5*l = -5*p - 2030, -2*p + 1850 = 4*l + 250. What is the remainder when l is divided by 14?
10
Let n(i) = -2*i**3 + 29*i**2 - 29*i - 29. What is the remainder when n(13) is divided by 29?
14
Let c be (-2)/(-1) - (-2)/((-8)/(-356)). Let m = 105 - c. Calculate the remainder when 40 is divided by m.
12
Suppose 2*c = -5*q + 39, 3*c = -4*q + 17 + 31. Suppose -489 = -c*s + 291. What is the remainder when s is divided by 33?
32
Let g(j) = 5*j**2 + 4*j + 3. Let z be g(-1). What is the remainder when 136 is divided by (4 - z)/(-4) - -1*35?
31
Suppose -3*b = b + 8, -j + 4*b = -27. Let l = 8563 - 8539. Calculate the remainder when l is divided by j.
5
Let l(d) be the second derivative of -d**5/5 - d**4/6 + d**3/2 + 5*d**2/2 + 11*d. Calculate the remainder when 89 is divided by l(-2).
20
Let o = 608 + -603. Let g be -16 - (3 + -1 + 0). Let m = g + 25. Calculate the remainder when m is divided by o.
2
Let f be 3 + (0 + 3)/(-3). Suppose -6 = -2*d - f, r = 2*d - 1. Let j = 34 - 32. What is the remainder when r is divided by j?
1
Suppose 8*l - 7*l + 69 = 0. Let a(j) = -j**2 + 7*j - 6. Calculate the remainder when ((-1)/3)/(1/l) is divided by a(4).
5
Let u = 78 - 39. Calculate the remainder when 10/(-65) + 17486/91 is divided by u.
36
Suppose 5*c = -0*c + 15. Let m be ((-255)/20)/(c/(-8)). Suppose 0 = 5*y - 11 - m. What is the remainder when y is divided by 5?
4
Let d = 2941 + -2855. Calculate the remainder when 515 is divided by d.
85
Let n = -111 + 115. Let z = 1 + -8. What is the remainder when 26 is divided by z/4*(-4 - n)?
12
Let j(u) = u**2 - 8*u - 45. Let x = -28 - -43. What is the remainder when j(-6) is divided by x?
9
Let b = -71 + 117. Let k = 66 - b. Let y = k - -7. What is the remainder when 80 is divided by y?
26
Let j = -27 + 10. Calculate the remainder when 72 is divided by 2/j - 4697/(-187).
22
What is the remainder when 61 is divided by (-3)/(1674/(-276) + 6)?
15
Let i = 251 - 238. Suppose -4*w + 57 = -35. Calculate the remainder when w is divided by i.
10
Suppose 3*a + 4*n = 23, -6 = -5*a + 5*n + 44. Let g be ((-48)/32)/((-3)/8). Suppose -a*j + 55 = -g*j. What is the remainder when 21 is divided by j?
10
Suppose -5*w = 2*p + 21, -2*w - 31 = -3*p + 3*w. Suppose -2*j + 52 = -4*i, 2*i - 3*j - 6 = -24. What is the remainder when 66/15 + 6/i + 0 is divided by p?
0
Let i = 8 - 4. Suppose i*s - 2*s + 28 = -4*v, s - 28 = 5*v. What is the remainder when 28 is divided by 6/9 + (-86)/v?
13
Let l be 4*(20/4 + -4). Suppose l*c + 108 = 296. Calculate the remainder when c is divided by 12.
11
Suppose -n + 1977 = 5*w - 933, 4*n - 1746 = -3*w. What is the remainder when w is divided by 11?
10
Let y = 13 + -11. Calculate the remainder when y/(-10)*0 - -93 is divided by 16.
13
Let k = -654 - -673. Calculate the remainder when 186 is divided by k.
15
Let x(n) = -n**3 + 3*n**2 + 4*n - 2. Let y(p) = -p**3 - 7*p**2 + 12*p - 10. Let w be y(-9). Let a = -27 + w. Calculate the remainder when a is divided by x(3).
7
Let b = -9 + 46. Calculate the remainder when 67 is divided by b.
30
What is the remainder when 3*1/4 + (-1771)/(-28) is divided by 6?
4
Let s = 46 - -33. Calculate the remainder when s is divided by 28.
23
Calculate the remainder when 238 - (5 - 35/5) is divided by 61.
57
Let c(d) = 9*d. Let n(u) = u - 2. Let v be n(4). Suppose 3*x - 110 = -213 + 118. Calculate the remainder when c(v) is divided by x.
3
What is the remainder when 2166/24 - (25/20 + 0)